 + (-17 - (13 - 22))?
5
5 + (-12 - (-3 + -12))
8
3 - 1 - 1 - 0
1
Evaluate -4 - -7 - (10 - (15 + -8)).
0
What is 5 + -1 + 0 + -4 + 2?
2
-3 - -8 - (-2 + (6 - 1))
2
What is the value of (0 - -1) + -17 + 18?
2
Evaluate -3 + -2 - (19 - 21).
-3
What is the value of (2 - 4) + 2 + (8 - 13)?
-5
What is -2 - (-2 - 1) - (-1 + -3)?
5
Calculate 1 + -9 + (2 - -1).
-5
(2 - 6) + -3 + 6 + 1
0
(-4 - -2) + (0 - 2)
-4
-14 - (-3 + 6 + -26)
9
What is -9 - (-7 - 0 - 8)?
6
What is -1 + -2 - (8 - 8)?
-3
Calculate 6 + -4 + (7 - 3 - 5).
1
12 + 3 + -9 + (0 - -1)
7
What is the value of (10 - 8 - 3) + 6?
5
-4 + -5 + -4 + 8 + 5
0
What is the value of -12 - -2 - ((-9 - -2) + -1)?
-2
-5 - ((-5 - -4) + 1 + -1)
-4
Evaluate -4 + 4 + -2 + 1 + -4.
-5
Calculate -1 - (-4 - (-8 - -5)).
0
What is 8 - (7 - 4 - 0)?
5
What is the value of -2 + 9 + -5 - (8 - 6)?
0
Evaluate (25 + -33 - (-3 + -2)) + -4.
-7
What is 4 + (4 - 9) - 3?
-4
Evaluate 15 + -21 + (1 - -11).
6
What is 3 + (-3 - 2 - (-1 + -2))?
1
Evaluate 14 - (-9 + 16) - 13.
-6
What is 3 + 5 + -2 + (29 - 34)?
1
Evaluate (-4 - (-2 + -2)) + (4 - 0).
4
Evaluate (-4 - -5) + -1 + 1 - 4.
-3
-7 - ((3 - 15) + 3)
2
Evaluate (-5 - -2) + (-5 + 1 - -11).
4
What is 13 - (6 + -4 + 2)?
9
Calculate -2 + (3 - (8 + 2)) + 3.
-6
1 + 4 + (-9 - -2)
-2
Calculate -2 + 6 + -3 + -1.
0
Calculate -4 + (-9 - (-1 - 8)).
-4
2 + -2 - (6 + (-1 - 3))
-2
What is (-9 - (-6 + 3)) + 1?
-5
What is the value of 3 + 1 + -38 + 29?
-5
Evaluate 5 + (-3 + -6 - -4).
0
What is the value of 5 - (-13 + 10 + 0 + 12)?
-4
(2 - -1 - 0) + -4
-1
Calculate 7 + (9 - 11) + -6.
-1
Evaluate (2 - (8 + 0 + -3)) + 3.
0
What is -3 - (-6 - (2 + -5) - 1)?
1
What is the value of -6 + 9 + -11 - -7?
-1
What is -1 + (-2 - (3 - (-1 - -9)))?
2
Calculate 6 + (5 - 14 - -6) + 3.
6
Evaluate 2 - 1 - 6 - -6.
1
Evaluate 6 - (-2 - -3) - (-28 + 31).
2
What is (1 - 5 - -1 - -1) + -3?
-5
What is the value of 3 + 0 + -4 + 1 + 2?
2
Evaluate -10 + (-4 + 5 - -4).
-5
What is 7 - (7 + -6 + 6)?
0
What is the value of (4 - 4) + -8 - -13?
5
What is 7 - 3 - 2 - -2?
4
(-1 - (-3 - -1)) + 32 + -29
4
0 - (-4 - (-3 + 4 + -3))
2
Evaluate 2 + -3 + -6 + (-9 - -8).
-8
What is 9 + -12 + 9 + -1?
5
What is -1 - -1 - -1 - (-15 - -11)?
5
What is 3 + -6 + 4 + 2?
3
What is the value of 6 - (1 + 3) - -2?
4
What is the value of -9 - (-5 + 7 - 8)?
-3
Evaluate 3 + -9 + 5 + -5.
-6
(12 - 3 - (4 + 0)) + -5
0
3 - (-1 - -3 - (-19 - -21))
3
-7 - -4 - 4 - (0 - 4)
-3
0 - (-6 + 2 - -8) - 1
-5
What is the value of 3 - (-1 - 5 - (19 + -22))?
6
What is the value of 1 - ((-4 - -3) + 1)?
1
2 + 2 + 0 - 3
1
What is (8 - 4) + (1 - 3)?
2
What is the value of (12 - 1) + (60 - 66)?
5
What is the value of (-4 - 1) + (-4 - -6)?
-3
(-6 - (5 - 13)) + 3
5
Calculate 7 + (2 - (14 + -7)).
2
Evaluate -1 + 4 - (14 - 13).
2
What is -2 + 4 + (-2 - (-1 - -2))?
-1
Calculate (1 - 1) + -9 + 13.
4
Evaluate 2 - ((-3 - (-10 + 5)) + -4).
4
8 + (5 + -1 - 12)
0
What is (47 - 53) + 0 + 1?
-5
What is 5 + 0 - (-12 + 5 - -8)?
4
What is (5 - -3 - 3) + -12?
-7
What is the value of (2 - 1) + -1 + 8?
8
Calculate -5 + -6 + 4 - -2 - -7.
2
Evaluate -3 + -1 + 6 - 0.
2
-5 - (5 + -10 - -5)
-5
What is (-2 - 2) + (11 - 5 - 8)?
-6
Evaluate 0 + 1 - 0 - (-161 + 165).
-3
Evaluate 1 - (-10 - (-5 + -9)).
-3
1 - 1 - (-18 - -14)
4
What is the value of 9 + -3 + 2 + -2?
6
Evaluate 11 + -7 + (-16 - -6).
-6
Evaluate (5 - (6 - 5) - 4) + -6.
-6
Calculate -10 - (-2 - (11 + (-7 - -1))).
-3
What is -10 + 1 + (-5 - -6 - 0)?
-8
Calculate -3 - (-2 - (2 + 1 - 8)).
-6
What is (8 - 15) + (-1 - -6)?
-2
What is 0 + -2 - 0 - -9?
7
What is -5 - (-1 + (-2 - -1))?
-3
Calculate (1 - 1) + (8 - (1 + 5)).
2
-1 + -2 + 0 + -1 + -1
-5
Calculate -10 - (2 + -3 + -8).
-1
Evaluate 0 + 1 + (-43 - -46).
4
0 - (-5 + 10 - 2 - -1)
-4
What is 2 - (1 + -5) - (5 - -4)?
-3
Evaluate -3 - (2 - 0 - 4).
-1
What is (8 - 9) + 17 + -8?
8
What is (-1 - 1) + -74 + 82?
6
-2 + 4 + (-5 + 8 - 8)
-3
What is the value of 2 + 2 + -4 + -17 + 16?
-1
Evaluate (-3 - (-4 + 2 + -4)) + 2.
5
What is 1 + 4 + -6 + -2?
-3
Evaluate (2 - (4 - -2)) + 2.
-2
Calculate 1 + 5 + (13 - 24).
-5
(-5 + -1 - -9) + (-6 - 1)
-4
Evaluate 2 - 4 - -6 - 3.
1
Calculate -1 + (9 - (4 + 3)) - -6.
7
What is -2 - (-2 + (4 + -6 - -4))?
-2
What is 130 - 136 - (0 + (-1 - -2))?
-7
What is the value of (4 - (-2 + 6)) + -1 - 0?
-1
Evaluate -10 - 2 - (-9 - -1) - 6.
-10
-2 + (1 + 7 - (-5 + 9))
2
Calculate 0 + -3 + (-3 + 0 - -1).
-5
What is the value of 7 - (-8 - (-10 + -4)) - -1?
2
What is the value of 5 - ((1 - 3) + 6)?
1
What is 1 + -4 + 6 - 6?
-3
What is the value of -9 + (15 - (6 + 3)) - -8?
5
What is the value of 7 + -9 + 4 - (-4 + 1)?
5
What is -5 + -2 + (22 - 19)?
-4
What is the value of -2 + 0 + -1 + (-5 - -5)?
-3
Evaluate -6 - (1 + 4) - (8 - 10).
-9
What is 9 - (-5 - (-17 + 8))?
5
Calculate (6 - 6 - (-2 + 0)) + 3.
5
Evaluate (-1 - (7 + -5)) + (-2 - -15).
10
What is the value of (-19 - -20) + -3 + 1?
-1
Calculate (4 - -2) + (-4 - -4).
6
What is the value of 0 - (-7 - -14 - 2)?
-5
What is the value of -4 + 7 + -1 + -7?
-5
Calculate -6 + -1 - (-40 + 22 + 2).
9
Calculate 2 + -1 - (0 + 0 + -2).
3
What is 0 - (-1 - -2 - -4)?
-5
Evaluate -3 - (-1 + -4 - -6).
-4
1 - -5 - 3 - (0 + 4)
-1
What is the value of -3 - (0 + -3 - 1) - 6?
-5
What is -10 - (5 - 4) - -12?
1
-5 + 0 + (-27 - -12 - -23)
3
Evaluate -10 + 8 + (1 - 5) + 12.
6
-5 + 5 + (2 - 6)
-4
0 + (0 - -5) + -7
-2
Calculate 3 + -1 - ((7 - -4) + -5).
-4
What is the value of -6 - -1 - -3 - -4 - -2?
4
(-17 - -8) + 5 + 6
2
Calculate -3 - (-1 - 5) - (-2 - -8).
-3
Calculate (-8 - -18) + -9 + -1.
0
What is 10 - (3 - (9 + -9))?
7
-6 + 1 + -8 + 10 - -5
2
What is the value of 1 + (-2 - (-2 + -2 + 2))?
1
What is -7 + (3 - (5 - 5)) + -3?
-7
What is the value of 5 + -1 + 0 + -1?
3
Evaluate -1 - (-11 - 2) - 20.
-8
Calculate (7 - 4) + -2 + 1.
2
-6 + 10 + -11 - -7
0
Evaluate (0 - 0) + 0 + -5 - -2.
-3
Evaluate -4 - (-6 + 0 + 1).
1
What is -6 - (-7 + 5 + -1)?
-3
Evaluate (2 - 2) + (-1 - (4 - 2)).
-3
Evaluate 12 - (9 + (7 - -5)).
-9
What is 5 + -1 + (-42 - -39)?
1
Calculate -6 + (8 - 7 - (-10 + 3)).
2
Evaluate 0 + 2 + (-6 - -5) - -2.
3
Evaluate -1 + 3 + -1 - 2.
-1
(-2 - 1) + 0 + 0
-3
What is the value of (-1 + 2 - -6) + -4?
3
What is the value of 0 - (-4 - -3 - 4)?
5
Evaluate (6 - (10 - 6)) + (-1 - 5).
-4
Calculate -4 + (-1 - (5 + -23)) + -6.
7
What is 0 + 3 + (-6 - -2) - -2?
1
What is the value of 1 + (-2 + 6 - (1 + 0))?
4
What is -6 - -3 - 0 - (0 - -1)?
-4
What is -3 - (-4 + 2) - -6 - 11?
-6
What is 0 + -1 + -4 + 3?
-2
-9 - (2 + -5) - 1
-7
Calculate 2 - (4 + 1) - (7 - 5).
-5
Calculate 1 + 0 - 7 - -6 - 0.
0
What is 214 - 217 - (1 + -2 + 0)?
-2
Calculate 7 + -11 + (4 - (2 + 1)).
-3
4 + -2 + 0 + 3
5
Evaluate (-12 - -17) + (-3 - 3) + 3.
2
(0 - -3) + -4 - 7
-8
5 + -7 + -7 - -6
-3
Calculate -5 + (4 - -2) + -4 - -5.
2
Evaluate -2 + 5 + (-42 - -34).
-5
(-33 - -28) + (2 - 0 - -1)
-2
What is the value of (-1 - (-3 + 2)) + -6 - -3?
-3
Calculate (3 - 2) + -33 + 24.
-8
Calculate 0 - 1 - (10 - 22 - -8).
3
What is -4 - (-2 - 0 - -4)?
-6
Evaluate -34 + 27 + 0 + 8 + -2.
-1
-4 - (-1 - (10 + -5))
2
What is the value of 2 + 2 + -12 + 4?
-4
-1 + (-2 + 10 - 2)
5
What is the value of 2 - (-1 + 2 + -4 + 3)?
2
What is the value of 0 + (-5 - 0) + 4?
-1
4 + (-10 - (-5 - 7))
6
1 + 0 + (4 - 1)
4
Calculate -38 + 25 + -1 + 8.
-6
Evaluate 2 + -7 + 0 + -4.
-9
What is (-2 + -1 - 2) + 2?
-3
What is -1 + (-5 - (-5 + 1))?
-2
Calculate 0 - (3 - 3 - 0).
0
Evaluate 5 - 0 - (2 + 2 + -2).
3
Evaluate -4 + 1 + 1 - (5 - 6).
-1
What is -3 - (-1 + 4 + -10 + 8)?
-4
Calculate 7 + -6 + 12 + -13.
0
Calculate 5 - ((0 - -5) + -2).
2
What is the value of (3 - 11 - -14) + -11?
-5
Evaluate -2 + (4 - 10 - -8) + -6.
-6
What is (16 - (-1 + 8)) + -8?
1
What is the value of (-3 - -5 - -2) + -8?
-4
0 + (1 + -1 - -1)
1
What is 3 - (1 + -2 + 5)?
-1
What is 4 - (3 + -3 - 3 - -2)?
5
What is the value of (5 - 0 - (-6 + 6)) + 0?
5
What is (-3 - (0 - 5)) + -2 + -2?
-2
What is 0 - (3 + 0 + -4)?
1
What is the value of 3 + 4 + (-1 - 6)?
0
(0 - 3) + (1 - 3) + 5
0
What is 2 - (9 + -3) - (-4 - -5)?
-5
What is the value of 211 - 200 - (1 + 2)?
8
Calculate (-4 - (3 + -3 + -1)) + 0.
-3
What is 4 - (4 - -1 - 2)?
1
What is (6 - 2) + 2 - 1?
5
Calculate (2 + -8 - 0) + 7.
1
Calculate -1 - (3 + -4 - 3).
3
Calculate 1 - -1 - (-5 + 9 + -5).
3
What is -7